(h) be the second derivative of h**4/12 - 3*h**3/2 - 13*h**2/2 + 15*h. What is n(10)?
-3
Let w(n) = -n + 1. Let s be w(-10). Let p(j) = -7 + 18 - j + 3*j - 3*j. Let l be p(s). Let q(m) = m**3 + m**2 - 11. Give q(l).
-11
Let q = 561 + -563. Let w(z) = z**3 + 2*z**2 - z + 1. Give w(q).
3
Let g(p) be the first derivative of -p**4/4 + p**3 + p**2 - p - 2836. Let t be 1*(-2)/(2/(-3)). Give g(t).
5
Suppose -2*m - 3*w = -5*w - 8, w = 3*m - 18. Suppose m*d - 19 = -4*q + 4*d, 0 = -q + 4*d. Let k(x) = 2*x**2 - 5*x - 3. Calculate k(q).
9
Let g(i) be the first derivative of -2*i**2 + 18*i + 128. What is g(6)?
-6
Suppose -6 = 8*p - 38. Suppose 0 = -6*v + 2*v + 3*b - 15, -p*v - 3*b + 15 = 0. Let l(a) = -a**3 - a**2 + a + 4. Give l(v).
4
Let v(k) be the first derivative of 2/3*k**3 + 5*k + 22 + 3*k**2. Suppose -3*h + 2*u = 24 - 4, -8 = -h - 3*u. What is v(h)?
13
Let x(c) = -5*c + 0*c - 5 + 7*c. Let y(z) = 3 - 2 - 6*z - 5*z**2 - 5 + 4*z**2. Let d be y(-2). Give x(d).
3
Let o(s) = 1 - 21*s - 4 + 15*s. Suppose 4*l + l + 10 = 0. Determine o(l).
9
Let n(w) be the second derivative of -9*w**5/20 - w**4/6 + w**2/2 - 82*w. Calculate n(-1).
8
Let n(y) = -21. Let o(u) = 47. Let x(s) = 9*n(s) + 4*o(s). Let v(b) = -b - 6. Let w(k) = -k**2 + 2*k + 4. Let h be w(3). Let m(l) = h*v(l) - 2*x(l). Give m(-3).
-1
Suppose 2 = -3*b + 17. Let j(c) = b*c + 5*c + 2*c - 9*c. Determine j(-1).
-3
Let f(d) be the first derivative of d**3/3 + 11*d**2/2 + 10*d - 57. Calculate f(-11).
10
Let w(r) = -r**3 + 4*r**2 + 2. Let b = 26 - 15. Let d(g) = b*g + 7*g**2 - 3*g + 2 - g**3 + 0*g + 2. Let n be d(8). Give w(n).
2
Let c(k) = k**2 - 2*k + 3. Suppose -4 = -y - 1. Let p be c(y). Let t(m) = p - 3*m + 3 + 3 - 4. Give t(6).
-10
Let q(w) be the first derivative of -w**2/2 - 173. Let s(l) = l - 8. Let h be s(6). Determine q(h).
2
Let h(q) = 0 - 1 - 3 - 2*q - 3 + 9. Determine h(-4).
10
Let m be -1 + 5 - (5 - 3). Let j(o) = 3*o - 5*o - o + m*o. Calculate j(7).
-7
Suppose -5*l - 5*g - 21 = -4*l, -4*l - 2*g = 12. Let m(b) = -2*b**2 - b - 1. Determine m(l).
-2
Let a(f) = f**2 - f + 1. Let s(l) = -60*l**2 + 6*l - 3 + 54*l**2 - 4. Let b(t) = -5*a(t) - s(t). Let c(x) = -x**2 - 2*x - 1. Let g be c(-1). Calculate b(g).
2
Let d(z) = 14*z - 1. Let y(w) = -4*w + 1. Let m(v) = d(v) + 4*y(v). What is m(8)?
-13
Let g(o) be the second derivative of -o**5/20 + o**4/4 + 2*o**3/3 + 2*o**2 + 51*o + 3. Give g(4).
4
Let h(b) = 3*b**2 + 2*b**3 + 2*b**2 + 7*b - 1 + 2*b**2 - b**3. Let o(y) = -6*y**2 + y + 1. Let g = -2 - -1. Let c be o(g). Give h(c).
-7
Let o(y) be the second derivative of -6*y - 1/720*y**6 + 0*y**3 + 7/120*y**5 + 0*y**2 + 1/2*y**4 + 0. Let u(b) be the third derivative of o(b). Give u(3).
4
Let f(o) = -2*o + 26. Let s = -70 - -83. Determine f(s).
0
Let k(s) = -2*s**2 - 5*s - 1. Let z(t) = 6*t + 20. Let g be z(-3). Suppose 0 = g*d - 10 + 18. Calculate k(d).
-13
Let z(o) = -o**3 - 3*o - 4 - 6*o**2 - 4*o + 6*o. Let r be z(-6). Let k(i) = 1 + i - r - 2 - 2*i. Calculate k(-4).
1
Let k(g) be the first derivative of -3*g**2 - 3 + 6*g - 1/3*g**3. What is k(-7)?
-1
Let u(k) = k**2 + 2*k - 4. Let c(w) = -w**2 - 8*w - 21. Let j be c(-5). Determine u(j).
20
Let j(o) = -1027 + 513 - o + 511. Suppose 4*b + 1 = 13. What is j(b)?
-6
Let l(b) = -4*b**2 - b**2 + 3*b**2 + 5*b**2. Suppose 0 = -21*a + a + 40. Determine l(a).
12
Let v(p) be the third derivative of p**5/60 - p**4/4 + p**3/2 - 123*p**2. What is v(6)?
3
Suppose -5*x = -342 + 317. Let j(w) = w**3 - 5*w**2 - 6*w - 1. Calculate j(x).
-31
Let z(q) = -q**2 + q. Let k(j) = j**2 - 8*j - 5. Let u(w) = k(w) + 2*z(w). Calculate u(-8).
-21
Let n(w) = 17*w + 1. Let k(j) = -4*j + 35. Let d be k(5). Suppose 0 = -f + d - 14. What is n(f)?
18
Let b(w) = -w**2 + 3*w - 1. Let l = 22 + -17. Let v be -4 + (5 - (-5)/l). Give b(v).
1
Let o(z) = -4*z**2 - 6*z - 12. Let r(u) = 9*u**2 + 12*u + 25. Let g(f) = -13*o(f) - 6*r(f). Let n(c) = c**2 - 1. Let w(l) = g(l) + n(l). Give w(7).
-2
Let p(a) = 5*a - 2. Let g(d) = -11*d - 9. Let c(j) = g(j) + 2*p(j). Calculate c(-11).
-2
Let m(u) be the first derivative of u**4/4 - 2*u**3 + u**2 - 5*u + 1. Determine m(6).
7
Let j = 12 - 7. Suppose 3*z + 2*f + 10 = -0*f, -j*f - 25 = 4*z. Suppose -k - 2*w - 14 = z, 3*k = -0*k - w - 17. Let i(c) = c. What is i(k)?
-4
Let t(q) = -6 - 2*q**3 - 4*q**2 - 7*q + 3*q**3 - 2*q**2. Let y(d) = -d**2 + 41*d - 341. Let a be y(29). Determine t(a).
-6
Let b(z) = 4*z + 5 + 117*z**2 - 218*z**2 + 102*z**2. Determine b(-3).
2
Let a(r) = -4*r + 3*r + 2*r + 2287807 - 2287802. Let v(i) = i**2 + i. Let q be v(-1). Give a(q).
5
Let b be (-3)/(-6)*(4 - 4). Let c(m) = -7*m - 12. Let q(f) = -1 - 4 + 4 + f - 2*f. Let d(p) = c(p) - 6*q(p). Determine d(b).
-6
Let n(x) be the first derivative of -12 - x + 2/3*x**3 - 1/4*x**4 + 3/2*x**2. Determine n(3).
-1
Let r(w) = 2*w - 18. Let z be r(12). Suppose 2*c = z*c + 20. Let h(d) = d - 1. What is h(c)?
-6
Let r(o) = o + 21. Let f(u) = -u**2 + 36*u - 315. Let c be f(23). Calculate r(c).
5
Let k(b) be the third derivative of b**7/840 + b**6/180 + b**5/120 - b**4/6 - b**3/3 - 11*b**2. Let u(p) be the first derivative of k(p). What is u(-3)?
-16
Suppose 4*h + 1 = 9. Let r(x) = -2*x**2 - 6 - 5*x - 3*x**h + 0 + x**3. Let g be ((-232)/(-2668))/(8/552). Determine r(g).
0
Let q(i) = 1 - 315*i - 3 + 7 + 311*i. Give q(2).
-3
Let p(x) = 3*x**2 - 10*x + 6. Let z(b) = 2*b**2 - 5*b + 3. Let u be (3/(-5))/(8/(-40)). Let g(d) = u*p(d) - 5*z(d). What is g(-6)?
-3
Let a(u) = 14*u + 56. Suppose -30 = 12*z - 7*z. Let j(x) = 5*x + 19. Let i(m) = z*a(m) + 17*j(m). Determine i(7).
-6
Let a(o) be the third derivative of -o**6/720 - 3*o**5/40 + 25*o**4/24 - 20*o**2. Let c(s) be the second derivative of a(s). What is c(-7)?
-2
Suppose -9 = v - 0. Let p(d) = 5 - 44*d + 54*d + d**2 + 9 + 7 - 17. What is p(v)?
-5
Let j(c) = 29 - 10*c + 22 + c**2 + 26 - 88. Calculate j(10).
-11
Let y(b) = -65*b + 3. Let t(c) = -50*c + 3. Let i(q) = 4*t(q) - 3*y(q). Calculate i(3).
-12
Let p(q) = q - 1. Let y(i) = i**3 + 5*i**2 + 2*i + 2. Let h be y(-4). Suppose 0 = 125*d - 132*d + 56. Suppose h = 3*z - d*z. Determine p(z).
-3
Let x(m) = -m**2 + 5*m - 1. Suppose 0 = -5*b + b + 4. Suppose 0 = k - b - 3. What is x(k)?
3
Let a(t) = 28*t + 11. Let d(y) = 9*y + 3. Let p(v) = -2*a(v) + 7*d(v). Determine p(2).
13
Let w(u) = -4*u + 20*u**3 - 4*u**2 + 26*u**3 - 7 + 29*u**3 - 74*u**3. Let n = -4 + 2. Let x be ((-4)/(-6))/(n/(-15)). Calculate w(x).
-2
Let t(l) = -5*l**3 - 2*l**2 - 4*l + 5. Let q(m) = 5*m**3 + 2*m**2 + 3*m - 4. Let p be (0 + 5)*(-1)/(-1). Let y(x) = p*q(x) + 4*t(x). Give y(1).
6
Let o(l) = -5 + l - 10*l + 6*l + 1. Give o(-7).
17
Suppose t = -2*t - 12. Let p(g) be the third derivative of 1/4*g**4 + 0*g + g**3 + 0 + 1/60*g**5 - 21*g**2. Give p(t).
-2
Let g = -128 + 132. Let s(b) = b**2 - 3*b - 3. What is s(g)?
1
Let k(o) be the first derivative of -o**4/4 - 7*o**3/3 - o**2/2 + 8*o - 291. What is k(-6)?
-22
Let w be (-2)/2*-2*4. Suppose -3*u = -w*u + 100. Suppose 7*r - u = 3*r. Let d(o) = o**2 - 6*o. Calculate d(r).
-5
Let h(c) = 15*c**2 + 6*c - 14. Let u(d) = 26*d**2 + 12*d - 27. Let k(v) = -7*h(v) + 4*u(v). Give k(4).
-2
Let k(j) be the second derivative of -j**5/60 - j**4/12 + j**3/3 + 2*j**2 + 4*j. Let w(a) be the first derivative of k(a). Determine w(-5).
-13
Let n(z) = 3*z**3 - 2*z**3 - 153050 - 18*z + 153044. Give n(-4).
2
Let g(x) = 3*x**3 - 4*x**3 - 8*x - 7*x**2 - 5 + x. Suppose 210 = -32*h + 18. Determine g(h).
1
Let k(j) be the third derivative of -j**5/30 + j**4/24 + j**3/6 - 115*j**2. Let y = -4 + 3. Determine k(y).
-2
Let w(d) be the first derivative of -d**7/840 + 7*d**6/360 - d**5/24 + 5*d**3/3 + 20. Let h(f) be the third derivative of w(f). Calculate h(6).
6
Let x(d) = -d**2 + 7*d - 1. Suppose -g + 27 = -5*w, w + w + 16 = 3*g. Let b = 6 - g. Suppose 0 = u - b*f - 8 - 2, -4*u - 3*f + 21 = 0. What is x(u)?
5
Let h be 4 - -4*(-30)/24. Let d(c) = -17*c. Let u(b) = -52*b. Let v(z) = -7*d(z) + 2*u(z). Calculate v(h).
-15
Let m(q) = q**3 + 13*q**2 + 25*q + 30. Let c be m(-11). Let b(u) = -4*u**2 + 2*u + 2. Let x(t) = 5*t**2 - 2*t - 3. Let n(z) = 6*b(z) + 5*x(z). What is n(c)?
0
Let w(a) = 3*a**2 + 15*a. Let p(x) = 2*x**2 + 8*x. Let f = 30 - 25. Let v(r) = f*p(r) - 3*w(r). What is v(7)?
14
Let k(s) = -2*s**2 + 3*s + 2. Let w